 divisor of c and a.
11
Let a be (3 - 3)/((-4)/2). Suppose 5*c = -2*t + 4*c + 4, -4*t - 4*c + 16 = a. Suppose -4*l + 6*l - 16 = t. Calculate the highest common divisor of 32 and l.
8
Let o(z) = -47*z + 390. Let h be o(7). What is the highest common factor of 61 and h?
61
Let p = -41 - -146. Let j = 108 - p. Calculate the greatest common factor of j and 3.
3
Let k = 986 - 954. What is the highest common factor of k and 568?
8
Let v be 2 - (-4)/((-16)/(-12)). Let s = -125 - -230. Calculate the greatest common divisor of v and s.
5
Let v(l) = 161*l - 1. Let t be v(1). Suppose t = 4*r - 2*r. Suppose -o = 5 - 15. Calculate the greatest common divisor of o and r.
10
Let m be 81*(4 - -3 - 5/1). Calculate the greatest common divisor of m and 108.
54
Let u(m) = 32*m - 6. Let k be u(3). What is the highest common divisor of 30 and k?
30
Suppose -k + 9 = -4*a - 14, 5*k + a = 157. Suppose 3*y + 4*f = 190, -99 = -3*y - f + 88. Calculate the highest common factor of k and y.
31
Suppose 26*b - 17*b - 31860 = 0. Calculate the highest common divisor of 12 and b.
12
Suppose 0*p - 4*p + 2 = -2*u, 0 = -3*p - 2*u + 12. What is the greatest common divisor of p and 26?
2
Let l(t) = 349*t - 104. Let z be l(8). Calculate the greatest common divisor of 21 and z.
21
Suppose -3*q + q - 346 = -2*z, 2*z = -2*q + 354. Let b(m) = -6*m - 17. Let c be b(-7). What is the greatest common factor of z and c?
25
Let l(u) = 88*u**2 + 11*u + 25. Let i be l(-3). Calculate the highest common factor of i and 7.
7
Let y be -1 + -1 + 3656/8. What is the highest common factor of y and 26?
13
Suppose -2*b + 4*b + r = 55, 5*r = b - 55. Suppose 0 = -62*v + 33*v + 1305. What is the highest common divisor of v and b?
15
Let r = 748 + -573. What is the greatest common divisor of 21 and r?
7
Let i(l) = l**3 - 10*l**2 + 10*l - 23. Let f(k) = k + 2. Let v be f(8). Let t be i(v). Calculate the greatest common divisor of 7 and t.
7
Let v = 375 + -188. Let g(z) = -3*z + 2. Let k be g(-5). Calculate the highest common factor of k and v.
17
Let q(u) = 36*u**2 - 26*u + 25. Let a be q(1). Let y(m) = 3*m - 3. Let o be y(5). Let i = o - -2. What is the highest common factor of i and a?
7
Let q = -2878 - -3008. Let d(r) = -3*r**3 + 4*r**2 - r + 2. Let m be d(3). Let h = m + 72. Calculate the greatest common factor of h and q.
26
Let d be 150 - 0 - ((1 - -2) + -7). What is the highest common factor of d and 22?
22
Let f be (-1 - -41)*30/25. Calculate the highest common divisor of f and 1896.
24
Let m = -743 + 1029. Calculate the highest common divisor of 66 and m.
22
Suppose -v - 2 + 5 = 0. Suppose -7 = -10*d + v*d. What is the highest common divisor of d and 1?
1
Let f = 30 + -18. Let o be ((-8)/(-6))/((-4)/f). Let q be (5/(-10))/(2/o). Calculate the greatest common factor of q and 1.
1
Let m be 2 + -3 + -4 + (4 - -16). Calculate the greatest common factor of 20 and m.
5
Suppose 0*q = -q + 343. Let r = q + -245. Calculate the greatest common factor of 28 and r.
14
Let w be 438 - ((-2)/11 + (-90)/(-11)). What is the greatest common factor of 50 and w?
10
Let i be -72 - -264 - (-9)/1. Calculate the greatest common divisor of 134 and i.
67
Let x = 535 + -435. What is the greatest common divisor of 20 and x?
20
Let c(f) = -5*f - 87. Let j be c(-21). Calculate the greatest common divisor of 18 and j.
18
Let r be (-36)/(-45)*10/4. Let n = r - 2. Suppose n = 3*b + 3 - 9. Calculate the greatest common divisor of b and 5.
1
Let t be 6 - -2*(-2)/4. Suppose h - 50 = -3*g + 1, -g = t. Suppose -114 - h = -4*a. What is the highest common divisor of a and 9?
9
Let b = -5 + 5. Let m = 1 + b. Let p be m/4 + (-695)/(-20). Calculate the highest common divisor of 5 and p.
5
Let j(p) be the first derivative of p**3/3 - 4*p**2 - 58*p - 29. Let m be j(14). What is the greatest common factor of m and 130?
26
Let z = 10 + 81. Let b(u) = 3*u**2 + 17*u + 23. Let c be b(-5). What is the highest common factor of z and c?
13
Let t be -1 + -2 - 259/(-37). Calculate the greatest common factor of 64 and t.
4
Let t(h) = h**2 - 8*h - 5. Let n be t(9). Let i = n + -2. Suppose -4*d + 6 = -2*r + 4*r, -5 = 5*r. What is the greatest common divisor of d and i?
2
Let h(m) be the first derivative of -11*m**2 + 0*m + 8 - 4*m - 7*m**2. Let g be h(-5). Calculate the highest common divisor of g and 22.
22
Let y(u) = 4*u - 79. Let c be y(36). Calculate the greatest common factor of c and 130.
65
Let a = -3544 + 3561. Let k be (-6)/21 + 1083/(-7). Let u be 2*3/(-3) - k. Calculate the greatest common factor of a and u.
17
Suppose -3*n = 4*o - 28, 4*n = 11*o - 7*o + 56. Let i = 79 + 29. What is the greatest common divisor of i and n?
12
Suppose -6*s + 686 - 506 = 0. What is the greatest common factor of 240 and s?
30
Let a be 29/174 - (-383)/6. Suppose -x + 49 = 4*r, -2*r = -6*r + x + 39. Suppose 3*j - 13 - r = 0. What is the highest common divisor of a and j?
8
Let r be 2/(-8) - 6054/(-24). Suppose -2*k - 10*b + 9*b = -77, 3*k = -b + 113. Calculate the highest common factor of r and k.
36
Let w = 10 - -80. Calculate the greatest common factor of 60 and w.
30
Suppose 28*h + 44 = 32*h. Suppose -2*f + 0*t + 228 = 2*t, 0 = -5*f + 3*t + 538. Let d be 0 - 1*f/(-2). What is the greatest common factor of d and h?
11
Let n(j) = j**2 - 5*j - 9. Let f be n(10). What is the highest common divisor of f and 8?
1
Suppose 6*n = -n + 35. Suppose -2*b = -2*w - 10, n*b - w - 22 = 3*w. Suppose -b*i - 2*i = -228. Calculate the highest common divisor of i and 38.
19
Let q be -10 + 71/(-3)*-30. Calculate the highest common factor of 20 and q.
20
Suppose -28*l + 164 = -32*l. Let w = l + 51. Calculate the greatest common divisor of 90 and w.
10
Let k = 1762 - 1021. Calculate the highest common factor of 39 and k.
39
Suppose k = 4*r - r - 26, -r = k - 2. Let w be (-4)/(-16) + r/4. Suppose 26 = 4*c + w. Calculate the greatest common divisor of 15 and c.
3
Let c be (28*9/54)/(1/9). Calculate the highest common divisor of c and 21.
21
Let w be (-16)/(-20) + (-1980)/(-25). Calculate the greatest common divisor of 100 and w.
20
Let p(m) = 25*m + 344. Let f be p(-8). Calculate the greatest common factor of 108 and f.
36
Let n be (-6)/15 + -5 + 3987/5. Calculate the highest common factor of n and 18.
18
Let k = 1011 - 967. What is the highest common divisor of k and 242?
22
Suppose -1213*y + 9135 = -1198*y. What is the greatest common factor of 21 and y?
21
Suppose 0 = i - 2*i + 27. Suppose -i = 3*x - 135. Suppose 0 = -2*r - 3*r + 60. What is the highest common divisor of x and r?
12
Let j(w) = -2*w - 5. Let i be j(-5). Suppose 4*b = 4*c - 260, 0*b + 295 = i*c + b. Calculate the highest common divisor of c and 6.
6
Let g = -49 + 29. Let k = 36 + g. What is the highest common divisor of 144 and k?
16
Let z(n) = 28 + 12*n - n**2 - 13*n - 26 + 32. Let o be z(0). Suppose -4*m + 3*u - 4*u + 335 = 0, -u + 250 = 3*m. What is the greatest common factor of m and o?
17
Let t(q) = -q**2 - 7*q - 5. Let z be t(-5). Suppose 3*x - z*x + 10 = 0. Calculate the highest common divisor of 40 and x.
5
Let t be (1/3 - (-47)/3)*-2. Let q = t - -48. What is the highest common factor of q and 112?
16
Let f be ((-1)/(-1))/(1/14). Let u be f*(-2 - -5) - 0. Calculate the greatest common factor of 6 and u.
6
Let q = 2191 + -1366. What is the highest common factor of q and 30?
15
Let d(v) = 17*v**2 + 72*v + 228. Let n be d(-3). What is the greatest common divisor of n and 132?
33
Let v be (-232)/87*(-1 + (-5)/(-2)). Let x be (2 + 6/v)*(3 - -21). What is the highest common factor of x and 84?
12
Let d = 3 + 6. Suppose 3*n - t + 6*t + 19 = 0, -n + t = -7. Suppose n*y + d = 3*y. What is the greatest common factor of y and 3?
3
Let z(w) = -5*w**2 - 197*w - 48. Let p be z(-39). Calculate the greatest common divisor of p and 1410.
30
Let q be (-1 - 1)/(14/(-35)). Suppose 42 = k + 2*g, 3*k - 3*g - 40 = 77. Let w = -5 + k. What is the highest common divisor of w and q?
5
Suppose 0 = -3*c - 5*g + 13, 0*g = c - 2*g - 8. Suppose 21*m = c*m + 120. What is the highest common divisor of 40 and m?
8
Let h = -22 + 35. Suppose 4*c = 5*c - 5. Suppose -w + 4*z = -108, c*w - z - 521 = -0*z. What is the highest common divisor of w and h?
13
Let y(m) = 33*m + 11. Let a(f) = 34*f + 12. Let p(q) = 4*a(q) - 5*y(q). Let g be p(-1). What is